+ 3. Calculate j(2).
7
Let j(v) = 2*v**3 + 5*v**2 - 3*v - 5. Calculate j(-3).
-5
Let y(k) = k. What is y(6)?
6
Let n(r) = 40*r - 246. Give n(6).
-6
Let z(i) = -3*i - 2. What is z(-2)?
4
Let z(o) = o**3 + 9*o**2 + 12*o + 9. Give z(-8).
-23
Let m(n) = -n**2 + 13*n + 23. What is m(13)?
23
Let j(a) = 2*a**2 + 41*a. Determine j(-19).
-57
Let g(r) = -3*r**3 + 3*r**2 + 3*r + 4. Give g(3).
-41
Let i(x) = -x**2 - x + 3. Determine i(-2).
1
Let z(l) = 4*l - 57. Give z(8).
-25
Let x(j) = -j**3 - j**2 + 4*j + 5. Calculate x(-3).
11
Let v(p) = -p**2 - 10*p - 15. Calculate v(-11).
-26
Let n(b) = -b**2 + 50*b - 598. Determine n(30).
2
Let o(c) = -c**2 - 20*c + 5. Calculate o(-20).
5
Let n(m) = m**3 + m**2 - 5*m + 5. What is n(4)?
65
Let m(x) = x**3 - 7*x**2 - 12*x + 12. Give m(8).
-20
Let l(s) = -s**2 - 2*s + 41. Calculate l(5).
6
Let y(x) = -3*x**2. Give y(-2).
-12
Let w(x) = 36*x**3 + x**2 + x + 1. Determine w(-1).
-35
Let d(k) = -k**2 - 4*k + 6. Determine d(-6).
-6
Let f(c) = -3*c + 2. Calculate f(-2).
8
Let b(g) = -g - 1. What is b(4)?
-5
Let s(b) = 8*b + 5. Give s(5).
45
Let s(x) = -3*x + 15. Calculate s(5).
0
Let p(c) = -2*c + 6. Give p(10).
-14
Let r(h) = -4*h - 15. Determine r(-11).
29
Let p(o) = -13*o**2 + 220*o + 22. Determine p(17).
5
Let u(v) = -10*v**3 + 1. Give u(1).
-9
Let n(s) = -11*s**3 - s**2 - 3*s - 1. Give n(-2).
89
Let f(x) = x**3 - x - 12. Determine f(0).
-12
Let u(a) = a**2 + 17*a + 44. What is u(-14)?
2
Let c(l) = 16*l**2 - 100*l + 16. Calculate c(6).
-8
Let s(c) = 5*c**2 + 8*c - 11. Determine s(3).
58
Let x(p) = 4*p - 74. Determine x(20).
6
Let n(h) = -h**3 + 5*h**2 - 6*h + 3. What is n(5)?
-27
Let d(h) = -18*h**3 - 2*h**2 + 2*h. What is d(1)?
-18
Let l(h) = h**2 - 2*h - 26. Calculate l(6).
-2
Let w(g) = -2*g**2 + 39*g - 31. What is w(18)?
23
Let y(o) = o**3 - 5*o**2 + 4*o - 17. Give y(5).
3
Let s(p) = -4*p**2 - 67*p - 46. Determine s(-16).
2
Let d(u) = -2*u + 4. Determine d(21).
-38
Let r(c) = -c**3 + 7*c**2 + 7*c + 3. Determine r(8).
-5
Let c(o) = -4*o - 6. Determine c(0).
-6
Let d(v) = v**2 + 3*v - 3. Determine d(-2).
-5
Let l(u) = u**3 + 14. Calculate l(0).
14
Let k(x) = -x - 61. Determine k(-33).
-28
Let u(a) = -17*a - 131. Determine u(-7).
-12
Let m(x) = x + 42. Calculate m(-20).
22
Let r(f) = 2*f - 5. Give r(10).
15
Let q(z) = 6*z**2 + 2*z + 2. Calculate q(-2).
22
Let h(j) = 17*j + 3. Determine h(-2).
-31
Let a(t) = 4*t + 1. What is a(2)?
9
Let h(z) = 13*z**2 - 194*z - 17. What is h(15)?
-2
Let n(f) = -f**3 + 6*f**2 + 2*f - 8. Determine n(5).
27
Let a(r) = r**2 + 8*r - 29. Determine a(-11).
4
Let w(c) = -c**3 - 7*c**2 + 25*c - 24. What is w(-10)?
26
Let n(f) = f**3 + 3*f**2 + 2. What is n(-3)?
2
Let r(x) = -x**3 + 20*x**2 - 38*x - 6. Give r(18).
-42
Let p(z) = 14*z + 20. Give p(-4).
-36
Let j(g) = -g**3 + 9*g**2 + g - 1. Give j(9).
8
Let w(d) = -d**3 - 30*d**2. Determine w(-30).
0
Let k(a) = 6*a**3 - a**2 - 1. What is k(1)?
4
Let f(n) = n**2 - 12*n + 28. Give f(8).
-4
Let t(q) = -10*q**3 - q**2 - q. What is t(-1)?
10
Let b(u) = -u**3 - 2*u**2 + 5*u + 4. What is b(3)?
-26
Let p(q) = -q**3 - 8*q**2 + 64*q - 2. Determine p(-13).
11
Let k(l) = -9*l + 2. Give k(-3).
29
Let a(h) = h**2 + 2*h - 3. What is a(1)?
0
Let v(b) = b**3 - 18*b**2 + 2*b - 37. What is v(18)?
-1
Let s(h) = 2*h**2 + 18*h + 17. Determine s(-8).
1
Let w(a) = 2*a - 4. What is w(9)?
14
Let z(k) = -2*k**3 - 4*k**2 + 2*k. What is z(-4)?
56
Let j(b) = -b**3 + 10*b**2 - 14*b - 11. What is j(8)?
5
Let v(p) = p**3 + 10*p**2 - 13*p - 7. Calculate v(-11).
15
Let f(v) = v + 35. Determine f(0).
35
Let y(o) = 13*o. Determine y(-1).
-13
Let l(x) = x**2 - 19*x - 153. What is l(25)?
-3
Let u(p) = 10*p - 24. Determine u(0).
-24
Let q(t) = -2*t**2 - 15*t - 21. Determine q(-6).
-3
Let x(l) = -13*l + 14. What is x(1)?
1
Let g(s) = 2*s + 20. Determine g(-4).
12
Let b(x) = 4*x**2 - 4*x - 12. Give b(-4).
68
Let j(h) = h**3 - 3*h**2 - 7*h + 5. Calculate j(6).
71
Let j(g) = 57*g + 292. Give j(-5).
7
Let p(y) = y + 20. Calculate p(-5).
15
Let f(l) = -l**2 + 38*l - 280. Give f(28).
0
Let i(u) = -u**2 + 14*u - 31. Determine i(7).
18
Let a(b) = b**2 - 37*b - 114. Determine a(40).
6
Let n(z) = -2*z + 10. What is n(7)?
-4
Let q(a) = a**3 + 2*a**2 - 6*a - 10. Calculate q(-3).
-1
Let d(w) = w**3 - 13*w**2 + 19*w + 39. What is d(11)?
6
Let y(j) = 3*j + 75. What is y(-15)?
30
Let u(j) = -j**3 + 3*j - 3. Give u(-3).
15
Let o(h) = -4*h**3 + 3*h**2 + 3*h + 1. Give o(-1).
5
Let x(c) = -12*c**3 - c**2 - c - 1. Determine x(-1).
11
Let q(l) = -l**2 - 11*l - 1. Determine q(-12).
-13
Let q(k) = -2*k**2 + 16*k + 39. Give q(-2).
-1
Let j(w) = -w**3 - 13*w**2 + 31*w + 21. Calculate j(-15).
6
Let o(n) = n + 15. Give o(-4).
11
Let x(z) = 21*z**2 + 2*z - 1. Give x(1).
22
Let q(t) = -t**2 + 15*t. Determine q(15).
0
Let v(r) = 11*r - 1. Calculate v(1).
10
Let m(g) = g**2 - 21*g + 57. Calculate m(17).
-11
Let u(k) = -3*k + 2. Give u(6).
-16
Let g(s) = -4*s**2 + 13*s - 5. Determine g(8).
-157
Let d(w) = 5*w + 4. Determine d(-1).
-1
Let k(h) = -14*h**2 - 4*h - 3. What is k(-2)?
-51
Let w(o) = -o**3 + 6*o**2 - 8*o + 1. What is w(3)?
4
Let n(b) = 2*b**3 + 20*b**2 - 25*b - 25. Determine n(-11).
8
Let o(v) = v**3 + 54*v**2 - 4. Give o(-54).
-4
Let z(p) = -4*p**3 + 3*p**2 - p + 2. What is z(2)?
-20
Let l(z) = -z**3 + 19*z**2 - 17*z - 18. Calculate l(18).
0
Let j(h) = -h**3 - 6*h**2 - 6*h. Give j(-5).
5
Let j(g) = g**3 - 5*g**2 - 8*g + 41. What is j(6)?
29
Let i(t) = 2*t**2 - 13*t + 9. Calculate i(6).
3
Let v(n) = -n**2 - 5*n - 11. Give v(-5).
-11
Let q(p) = p**3 - 6*p**2 - 3*p - 12. Give q(0).
-12
Let u(s) = -s**3 - s**2 + 3*s + 2. Calculate u(0).
2
Let a(g) = -32*g + 33. Calculate a(1).
1
Let j(q) = 15*q + 9. Give j(-3).
-36
Let a(u) = -u**3 - 10*u**2 - 11*u - 2. Determine a(-5).
-72
Let i(h) = 53*h + 318. Give i(-6).
0
Let o(l) = -l**3 + l**2 + 3*l - 3. Determine o(-2).
3
Let g(c) = c**2 - 12*c + 13. Give g(11).
2
Let m(o) = o + 5. Give m(5).
10
Let k(h) = -h**3 + 19*h**2 + h + 15. Calculate k(19).
34
Let v(d) = -9*d - 4. Determine v(-5).
41
Let i(r) = 5*r + 8. What is i(8)?
48
Let o(l) = 6*l - 92. Calculate o(16).
4
Let r(f) = f**2 + 8*f + 5. Give r(-5).
-10
Let p(z) = -z + 3. What is p(3)?
0
Let w(i) = -7*i + 32. Determine w(-18).
158
Let t(x) = 3*x - 25. What is t(0)?
-25
Let p(r) = r**3 + 4*r**2 - 9*r - 9. Calculate p(-6).
-27
Let j(n) = -n**3 - 2*n**2 - 2*n + 1. Calculate j(-4).
41
Let l(p) = -p**3 + 4*p**2 + 14*p - 6. Give l(6).
6
Let t(m) = -m**2 + 9*m + 11. Calculate t(8).
19
Let i(z) = -5*z + 28. Determine i(6).
-2
Let g(k) = -k**2 - 23*k + 32. Calculate g(-14).
158
Let k(s) = -49*s + 2. What is k(-1)?
51
Let m(v) = -v**3 - 9*v**2 - 2*v - 9. What is m(-9)?
9
Let c(r) = -r**3 + 5*r**2 - 6. What is c(5)?
-6
Let f(z) = z - 11. Calculate f(-8).
-19
Let x(k) = -k**3 - 10*k**2 - 4*k - 46. Give x(-10).
-6
Let a(i) = -4*i - 4. Give a(-3).
8
Let t(s) = 8*s - 28. Determine t(-4).
-60
Let a(d) = -7*d**2 + d - 2. Determine a(2).
-28
Let u(f) = f - 19. Calculate u(22).
3
Let l(y) = -y**3 - 14*y**2 + 5*y + 16. Determine l(-14).
-54
Let j(l) = 47*l - 7. What is j(-4)?
-195
Let g(d) = d + 25. Determine g(-8).
17
Let n(d) = d**3 + 8*d**2 + 2*d + 8. Calculate n(-8).
-8
Let y(u) = 3*u**2 - 3*u - 39. Calculate y(6).
51
Let r(i) = -i**2 + i - 72. Determine r(0).
-72
Let s(t) = t**3 - 6*t**2 + 11*t + 3. Determine s(5).
33
Let q(j) = 13*j**3 - j**2 + j - 1. Give q(1).
12
Let x(r) = -r**3 - 10*r**2 - 10*r - 2. Calculate x(-9).
7
Let v(z) = -89*z - 443. What is v(-5)?
2
Let h(d) = -d**3 - 5*d**2 - 3*d - 5. Give h(-4).
-9
Let h(p) = p**3 - 22*p**2 + 44*p - 81. Give h(20).
-1
Let t(r) = 5*r**2 + 3*r - 2. Calculate t(2).
24
Let b(x) = 74*x**2 - 1. Give b(-1).
73
Let n(z) = z**2 - z - 7. What is n(4)?
5
Let o(b) = -46*b + 128. What is o(3)?
-10
Let v(q) = -7*q - 197. Calculate v(-28).
-1
Let r(s) = 2*s**2 - 53*s - 60. Determine r(28).
24
Let k(j) = -3*j - 40. What is k(-10)?
-10
Let a(w) = -2*w**3 - 5*w**2 + w - 4. Calculate a(-2).
-10
Let n(s) = -s**2 - 23*s + 5. Calculate n(-22).
27
Let f(j) = -2*j**3 + 11*j**2 - 4*j + 8. Calculate f(5).
13
Let v(f) = 17*f - 8. Calculate v(0).
-8
Let o(m) = -m**3 + 10*m**2 - 29*m + 14. Calculate o(7).
-42
Let t(f) = -84*f + 1. Determine t(-1).
85
Let n(y) = -56*y + 568. Give n(10).
8
Let x(q) = 6*q - 